3 - 135*m**2 + 18*m - 49. Is j(12) a composite number?
True
Let b(s) = -411*s**3 + 5 + 5*s**2 + 0 + 13*s - 2 - 2*s**2. Is b(-2) prime?
False
Suppose 0 = 6*x - 6 - 24. Let j(v) = -5*v + 7*v - 4*v + 68*v**2 + 3*v + 12. Is j(x) composite?
True
Is 2/(18/9451897) - ((-595)/45 - -13) a composite number?
True
Suppose 2 = -3*m - 2*y, -13*m + 1 = -16*m - y. Suppose -15*t + 4*t + 21373 = m. Is t composite?
True
Let k(u) = -3237*u - 92. Let f be k(-6). Suppose i - f = -2*x, 0*x - 3*i = x - 9655. Is x prime?
False
Let a(v) = 2*v**2 - 27*v - 12. Let c be a(14). Suppose c*h - p = 4666, h + 95 - 2428 = -p. Is h a prime number?
True
Let x = 227 - -112. Let k = x + -281. Is k composite?
True
Let r be 4*(20/48)/(2/6). Suppose 0 = -w - 2*b + 3797, -b = -3*w - r*b + 11385. Is w composite?
True
Suppose t = 2*g + 533, -5*g - 5*t = -4*g + 272. Let k = g - -4594. Is k prime?
True
Let u = -7179 - -12452. Suppose u = 25*o - 24*o. Is o composite?
False
Let a = 84743 + -43714. Is a a composite number?
True
Suppose 3*o + 5*u = 277239, -186*o - 2*u = -191*o + 462065. Is o composite?
False
Suppose 0 = -5*b + 4*k + 202019, -5*b - 4*k = -53280 - 148771. Is b a composite number?
True
Suppose -5*p = -13*p + 40. Suppose i - s + 616 = -3*s, -2*i - p*s - 1233 = 0. Let q = 1119 - i. Is q a composite number?
False
Let g = -8778 + 10601. Is g composite?
False
Let j(n) be the second derivative of 121*n**4/12 + n**3/2 + 3*n**2/2 - n - 66. Is j(-2) a prime number?
False
Suppose 3*h - 373 + 367 = 0. Suppose 0 = -4*o - k + 4143 + 9896, 3*k = -h*o + 7007. Is o composite?
False
Let h(d) = -2*d**3 + 27*d**2 - 160*d - 6. Is h(-27) prime?
False
Suppose 264*b + 99 = 267*b. Suppose b = -f + 272. Is f prime?
True
Suppose -3*x - x + 3*j + 31 = 0, x + 2*j + 6 = 0. Suppose 5*g - 6956 = k, -1390 = -5*g + x*g - k. Suppose g - 385 = 2*b + 2*y, 5*b + 4*y = 2515. Is b composite?
False
Suppose 0 = 22*f - f - 138957. Is f a prime number?
False
Let b(y) = 0 + 502*y**2 + 8 - 15 - 6*y. Is b(3) a composite number?
False
Suppose -4 = 4*g + 4, -d - 3*g + 522 = 0. Let i = d - 191. Is i a prime number?
True
Suppose 6 = 8*h - 42. Suppose 5737 = -h*t - 1517. Is (40/(-12) + 3)/(1/t) a prime number?
False
Is (-27)/63 - 4338396/(-63) a prime number?
True
Is ((-2)/24)/((-13)/25008204) a composite number?
False
Is (18 - 21) + 2550968/(-8 - -15) a composite number?
True
Is (-28)/(-10) + 1613985994/3670 prime?
True
Let a = 61862 - -7625. Is a a composite number?
True
Let s be (2 - 1)/((-1)/(-4)). Suppose 0 = -p + 3, -6 = -2*k - s*p + 16. Suppose -115 + 593 = 2*u - k*q, 3*q + 239 = u. Is u composite?
False
Let b(a) = 139*a + 9*a**2 - 143*a + 5*a**3 - 2 + 3. Let x = 19 - 12. Is b(x) prime?
True
Let f(t) = 12795*t + 1321. Is f(4) composite?
False
Suppose i + 74060 = 2*r, 148162 = 4*r + 15*i - 10*i. Is r a composite number?
True
Let x be -1 - (((-36)/6 - -7) + -6). Let h(b) = -b**3 + 5*b**2 + 7*b - 6. Let i be h(6). Suppose i = 2*d - 3*o - 1504, -2*d + 4*d = x*o + 1500. Is d prime?
False
Suppose -5*w + 2*w = 114. Let y = w + 39. Suppose -5 = 2*z - y, 0 = 4*n + 5*z - 474. Is n prime?
False
Suppose 1321 + 57 = g. Suppose 5*q - 18*q = -g. Let a = 1795 + q. Is a a prime number?
True
Let z(w) = 301*w**2 - 176*w - 19. Is z(-14) a prime number?
True
Let g = 861010 + -520151. Is g composite?
False
Let z(t) = -6*t - 3. Let q be z(2). Let o be 16/(-12) + (-47705)/q. Suppose -6*v + o = 221. Is v prime?
False
Let s(o) = -290*o + 9. Let c = -103 + 54. Let g = c + 36. Is s(g) a prime number?
True
Suppose 5*p + 62 = 77. Suppose 13989 = p*c - r, 3*c - c = -r + 9326. Is c composite?
False
Suppose -3*s = -4*s - 973. Let c = 3514 - s. Is c composite?
True
Suppose -4*g - 2*u + 8 = -5*g, 5*g + 4*u - 16 = 0. Let s be (-80)/(-32)*(2 + g). Suppose a + 3*n - 25 = n, s*a = 3*n + 99. Is a a composite number?
True
Let f = 33 - 27. Let v = 9 - f. Suppose 1645 = v*d + 2*d. Is d a prime number?
False
Let a(p) = -78*p + 77. Let w be a(-8). Suppose -6*s - w + 2135 = 0. Is s a composite number?
False
Suppose -10 - 18 = -14*y. Suppose r - 6*r = -y*g - 16949, -2*r + 6768 = 5*g. Is r a prime number?
True
Suppose -2*k + 4*k - 8 = 0. Suppose -3*v - 14 = -k*f, 0 = 5*f + 1 - 26. Suppose 123 = w + v*u, 4*u + 8 = -0. Is w a composite number?
False
Suppose 0 = 8*f - 6*f - 6462. Let r = -482 + f. Is r composite?
False
Let s(f) = -f**2 + f + 42. Let w be s(-6). Suppose w = 8*x - 54427 - 20061. Is x a prime number?
True
Let g(q) be the first derivative of 21 + 161/3*q**3 + 1/2*q**2 - q. Is g(1) prime?
False
Suppose -6*c + 3*c - 4*a + 25194 = 0, -3*a + 25191 = 3*c. Suppose -s + c = 2221. Is s a composite number?
False
Let v(t) be the second derivative of -t**7/840 + t**6/120 + t**5/120 + t**4/6 - 2*t**3 + 3*t. Let s(p) be the second derivative of v(p). Is s(-7) composite?
False
Suppose 0 = -2*k + 589 - 67. Let z be (-8)/(48/(-2331))*(-2)/(-3). Suppose -3*y - 3*o + k = 0, 4*y + 5*o - z = 91. Is y prime?
False
Let z = -21 - 242. Let i = 74 - z. Is i a composite number?
False
Let b be -4 + 2 + (10 - 4). Suppose o - 4*i = -i - 15, -3*o - 5*i = -25. Suppose -114 = -2*d + y - o, b*y = 5*d - 291. Is d a composite number?
True
Suppose -4*i - 4 = 0, -7173 = j + 2*i + 4930. Let m = 23568 + j. Is m a composite number?
False
Suppose 0*p + 15 = -3*p. Let n(v) = -394*v - 1. Let r be n(p). Suppose -2*j + 2949 = -5*i, 2*j - r = 3*i + 982. Is j composite?
True
Suppose 14*v - 13*v - 480190 = 5*l, 0 = -4*l + 20. Is v prime?
False
Suppose -118*v - 101*v - 19938496 + 51522457 = 0. Is v prime?
False
Let g be 86/(-1)*(-135)/(-10). Let c = 1649 + g. Suppose -3*s + c + 85 = 0. Is s a composite number?
False
Let c be (-3 + 4/1)*(658 - -1). Let s = c - 326. Let h = 98 + s. Is h a prime number?
True
Suppose -6744850 - 12584354 = -59*q - 5287853. Is q a prime number?
False
Suppose -b - 5*f = 128798 - 448289, 5*b - 5*f - 1597695 = 0. Is b prime?
False
Let z be (-53410)/(-4) - ((-45)/(-6))/5. Let n = z + -8804. Is n a composite number?
False
Suppose -5*n = 2*s - 6695993, 4*n - 5*s + s - 5356772 = 0. Is n a prime number?
False
Let m = -2093 + 3541. Suppose 371 = -1441*z + m*z. Is z a prime number?
True
Let r(s) = 270*s**2 + 15*s - 68. Is r(19) a composite number?
False
Suppose 5*m - 5*u - 30 = 0, -4*m + 9*m + 4*u = -15. Is -2 + 11199/m*1 a prime number?
True
Let o(j) = 277*j + 5. Let p be o(1). Suppose -296 = -2*g + 4*q, 2*g - 4*g + p = 3*q. Suppose -107 - g = -c. Is c prime?
True
Suppose -4*y = -3*q + 31211 - 132659, -2*q + 4*y = 67636. Let u = q - -93423. Is u a composite number?
False
Let f be 1564/12 - (-6)/9. Suppose 783 = 2*h - 5*r, -3*r - 1929 = -4*h - h. Let n = h - f. Is n prime?
False
Is (-1)/(((-24)/(-101126))/(-12)) a composite number?
True
Let d = 46348 + -28587. Is d composite?
False
Let v be 15654/(4*(-6)/(-16)). Let x = -1587 + v. Is x a prime number?
True
Let k = -395 + 794. Let o = k + 370. Is o a composite number?
False
Let b = -130233 + 224792. Is b prime?
True
Suppose 4*d - 14638 = 5*o, -o + d - 1696 - 1232 = 0. Let z = o + 10667. Is z a prime number?
True
Let x(c) = -51400*c**3 + 5*c**2 + 3*c - 21. Is x(-2) a prime number?
True
Suppose 0 = -2*n - 8 + 12. Let y be 1*n*((-663)/(-2) - 5). Let q = -358 + y. Is q prime?
False
Let v be 1/(21/(-9)) + 358202/322. Let k(m) = m**2 - 2. Let z be k(-2). Suppose -z*o = o + 5*p - v, 2*p = -10. Is o a prime number?
True
Let s(z) = 207*z**2 + 13*z - 23. Let b(t) = 69*t**2 + 4*t - 8. Let p(o) = -8*b(o) + 3*s(o). Is p(-6) composite?
False
Suppose 149*i - 34966225 = -26*i. Is i a prime number?
True
Let i be 70/(-21) + 2/6 - 1. Let s be -8*i/(-8) - -2540. Suppose 2*v + 798 = s. Is v a composite number?
True
Let t = 51 - 55. Let n be 4*t/(-20)*164685/(-6). Is n/(-6) - 4/6 a prime number?
True
Suppose 0 = 50*d - 57*d + 42. Is d + 1 - 38960/(-10) composite?
True
Suppose 189 = -50*o + 189. Let y = -7 - -11. Suppose -y*h + 3485 = 5*g, o*h + h + 2*g = 875. Is h a composite number?
True
Suppose 30*i = 33*i - 1146. Suppose -3*o + 4*o = 2. Suppose 955 = 5*c + o*l, -2*c + l + i = -0*c. Is c composite?
False
Let o = 33786 - 5759. Is o a composite number?
False
Is (6/36*411)/(2/3452) prime?
False
Let i(j) = -42497*j + 18. Let a be i(-1). Suppose -20*f - a = -25*f. Is f a composite number?
True
Let b(u) = u**2 - 20*u - 3. Let w be b(22). Let i = 244 + w. Suppos